{"id":1192,"date":"2018-01-30T11:33:02","date_gmt":"2018-01-30T09:33:02","guid":{"rendered":"https:\/\/vika.no\/?page_id=1192"},"modified":"2023-02-10T13:05:24","modified_gmt":"2023-02-10T12:05:24","slug":"internettlosninger","status":"publish","type":"page","link":"https:\/\/vika.no\/?page_id=1192","title":{"rendered":"Domene &#8211; Webhosting"},"content":{"rendered":"<div id=\"pl-1192\"  class=\"panel-layout\" ><div id=\"pg-1192-0\"  class=\"panel-grid panel-has-style\" ><div class=\"siteorigin-panels-stretch panel-row-style panel-row-style-for-1192-0\" data-stretch-type=\"full\" ><div id=\"pgc-1192-0-0\"  class=\"panel-grid-cell panel-grid-cell-empty\" ><\/div><div id=\"pgc-1192-0-1\"  class=\"panel-grid-cell\" ><div id=\"panel-1192-0-1-0\" class=\"so-panel widget widget_pw_icon_box widget-icon-box panel-first-child panel-last-child\" data-index=\"0\" >\n\t\t\t<div class=\"icon-box\">\n\t\n\t\t<i class=\"fa  fa-sharp fa-solid fa-envelope  fa-3x\"><\/i>\n\t\t<div class=\"icon-box__text\">\n\t\t\t<h4 class=\"icon-box__title\"><\/h4>\n\t\t\t<span class=\"icon-box__subtitle\"><\/span>\n\t\t<\/div>\n\n\t\t\t<\/div>\n\t\n<\/div><\/div><div id=\"pgc-1192-0-2\"  class=\"panel-grid-cell\" ><div id=\"panel-1192-0-2-0\" class=\"so-panel widget widget_text panel-first-child panel-last-child\" data-index=\"1\" ><h3 class=\"widget-title\"><span class=\"widget-title__inline\">Domene, web og e-post<\/span><\/h3>\t\t\t<div class=\"textwidget\"><p>Domener har blitt en selvf\u00f8lgelighet for alle bedrifter som en profilering p\u00e5 internett, hvor e-post og nettsider har blitt en popul\u00e6r teknikk for markedsf\u00f8ring. Vi tilbyr fleksible l\u00f8sninger for nettsider og e-post med mulighet for bl.a webmail og spamfilter.<\/p>\n<\/div>\n\t\t<\/div><\/div><\/div><\/div><div id=\"pg-1192-1\"  class=\"panel-grid panel-has-style\" ><div class=\"siteorigin-panels-stretch panel-row-style panel-row-style-for-1192-1\" data-stretch-type=\"full\" ><div id=\"pgc-1192-1-0\"  class=\"panel-grid-cell panel-grid-cell-empty\" ><\/div><div id=\"pgc-1192-1-1\"  class=\"panel-grid-cell\" ><div id=\"panel-1192-1-1-0\" class=\"so-panel widget widget_pw_icon_box widget-icon-box panel-first-child panel-last-child\" data-index=\"2\" >\n\t\t\t<div class=\"icon-box\">\n\t\n\t\t<i class=\"fa  fa-virus  fa-3x\"><\/i>\n\t\t<div class=\"icon-box__text\">\n\t\t\t<h4 class=\"icon-box__title\"><\/h4>\n\t\t\t<span class=\"icon-box__subtitle\"><\/span>\n\t\t<\/div>\n\n\t\t\t<\/div>\n\t\n<\/div><\/div><div id=\"pgc-1192-1-2\"  class=\"panel-grid-cell\" ><div id=\"panel-1192-1-2-0\" class=\"so-panel widget widget_text panel-first-child panel-last-child\" data-index=\"3\" ><h3 class=\"widget-title\"><span class=\"widget-title__inline\">S\u00f8ppelfilter og virusvask<\/span><\/h3>\t\t\t<div class=\"textwidget\"><p>L\u00f8sningen kan leveres med s\u00f8ppelfiltrering og virusvask s\u00e5 du slipper unna det meste av u\u00f8nsket e-post.<\/p>\n<\/div>\n\t\t<\/div><\/div><\/div><\/div><div id=\"pg-1192-2\"  class=\"panel-grid panel-has-style\" ><div class=\"siteorigin-panels-stretch panel-row-style panel-row-style-for-1192-2\" data-stretch-type=\"full\" ><div id=\"pgc-1192-2-0\"  class=\"panel-grid-cell panel-grid-cell-empty\" ><\/div><div id=\"pgc-1192-2-1\"  class=\"panel-grid-cell\" ><div id=\"panel-1192-2-1-0\" class=\"so-panel widget widget_pw_icon_box widget-icon-box panel-first-child panel-last-child\" data-index=\"4\" >\n\t\t\t<div class=\"icon-box\">\n\t\n\t\t<i class=\"fa  fa-globe  fa-3x\"><\/i>\n\t\t<div class=\"icon-box__text\">\n\t\t\t<h4 class=\"icon-box__title\"><\/h4>\n\t\t\t<span class=\"icon-box__subtitle\"><\/span>\n\t\t<\/div>\n\n\t\t\t<\/div>\n\t\n<\/div><\/div><div id=\"pgc-1192-2-2\"  class=\"panel-grid-cell\" ><div id=\"panel-1192-2-2-0\" class=\"so-panel widget widget_text panel-first-child panel-last-child\" data-index=\"5\" ><h3 class=\"widget-title\"><span class=\"widget-title__inline\">Linjeleverand\u00f8r<\/span><\/h3>\t\t\t<div class=\"textwidget\"><p>Vi benytter Telenor og GlobalConnect som linjeleverand\u00f8rer og tilbyr bredb\u00e5nd\/fiberlinjer med forskjellige SLA-niv\u00e5er tilpasset kundens behov.<\/p>\n<\/div>\n\t\t<\/div><\/div><\/div><\/div><div id=\"pg-1192-3\"  class=\"panel-grid panel-no-style\" ><div id=\"pgc-1192-3-0\"  class=\"panel-grid-cell\" ><div id=\"panel-1192-3-0-0\" class=\"so-panel widget widget_pw_call_to_action widget-call-to-action panel-first-child panel-last-child\" data-index=\"6\" >\t\t\t\t<div class=\"call-to-action\">\n\t\t\t\t\t<div class=\"call-to-action__text\">\n\t\t\t\t\t\t<div class=\"call-to-action__title\">\n\t\t\t\t\t\t\t\t\t\t\t\t\t<\/div>\n\t\t\t\t\t\t<div class=\"call-to-action__subtitle\">\n\t\t\t\t\t\t\t\t\t\t\t\t\t<\/div>\n\t\t\t\t\t<\/div>\n\t\t\t\t\t<div class=\"call-to-action__button\">\n\t\t\t\t\t\t<a class=\"btn    btn-primary\" href=\"https:\/\/www.vika.no\/?page_id=503\" target=\"_self\">KONTAKT OSS<\/a>\t\t\t\t\t<\/div>\n\t\t\t\t<\/div>\n\t\t\t<\/div><\/div><\/div><\/div>","protected":false},"excerpt":{"rendered":"<p>Domener har blitt en selvf\u00f8lgelighet for alle bedrifter som en profilering p\u00e5 internett, hvor e-post og nettsider har blitt en popul\u00e6r teknikk for markedsf\u00f8ring. Vi tilbyr fleksible l\u00f8sninger for nettsider og e-post med mulighet for bl.a webmail og spamfilter. L\u00f8sningen kan leveres med s\u00f8ppelfiltrering og virusvask s\u00e5 du slipper unna det meste av u\u00f8nsket e-post.<\/p>\n","protected":false},"author":4,"featured_media":2478,"parent":501,"menu_order":0,"comment_status":"closed","ping_status":"closed","template":"","meta":{"_acf_changed":false,"footnotes":""},"acf":[],"yoast_head":"<!-- This site is optimized with the Yoast SEO plugin v22.9 - https:\/\/yoast.com\/wordpress\/plugins\/seo\/ -->\n<title>Domene - Webhosting - Vika AS<\/title>\n<meta name=\"robots\" content=\"index, follow, max-snippet:-1, max-image-preview:large, max-video-preview:-1\" \/>\n<link rel=\"canonical\" href=\"https:\/\/vika.no\/?page_id=1192\" \/>\n<meta property=\"og:locale\" content=\"nb_NO\" \/>\n<meta property=\"og:type\" content=\"article\" \/>\n<meta property=\"og:title\" content=\"Domene - Webhosting - Vika AS\" \/>\n<meta property=\"og:description\" content=\"Domener har blitt en selvf\u00f8lgelighet for alle bedrifter som en profilering p\u00e5 internett, hvor e-post og nettsider har blitt en popul\u00e6r teknikk for markedsf\u00f8ring. Vi tilbyr fleksible l\u00f8sninger for nettsider og e-post med mulighet for bl.a webmail og spamfilter. L\u00f8sningen kan leveres med s\u00f8ppelfiltrering og virusvask s\u00e5 du slipper unna det meste av u\u00f8nsket e-post.\" \/>\n<meta property=\"og:url\" content=\"https:\/\/vika.no\/?page_id=1192\" \/>\n<meta property=\"og:site_name\" content=\"Vika AS\" \/>\n<meta property=\"article:modified_time\" content=\"2023-02-10T12:05:24+00:00\" \/>\n<meta property=\"og:image\" content=\"https:\/\/vika.no\/wp-content\/uploads\/2018\/03\/SideBilde4.jpg\" \/>\n\t<meta property=\"og:image:width\" content=\"720\" \/>\n\t<meta property=\"og:image:height\" content=\"420\" \/>\n\t<meta property=\"og:image:type\" content=\"image\/jpeg\" \/>\n<meta name=\"twitter:card\" content=\"summary_large_image\" \/>\n<meta name=\"twitter:label1\" content=\"Ansl. lesetid\" \/>\n\t<meta name=\"twitter:data1\" content=\"1 minutt\" \/>\n<script type=\"application\/ld+json\" class=\"yoast-schema-graph\">{\"@context\":\"https:\/\/schema.org\",\"@graph\":[{\"@type\":\"WebPage\",\"@id\":\"https:\/\/vika.no\/?page_id=1192\",\"url\":\"https:\/\/vika.no\/?page_id=1192\",\"name\":\"Domene - Webhosting - Vika AS\",\"isPartOf\":{\"@id\":\"https:\/\/vika.no\/#website\"},\"primaryImageOfPage\":{\"@id\":\"https:\/\/vika.no\/?page_id=1192#primaryimage\"},\"image\":{\"@id\":\"https:\/\/vika.no\/?page_id=1192#primaryimage\"},\"thumbnailUrl\":\"https:\/\/vika.no\/wp-content\/uploads\/2018\/03\/SideBilde4.jpg\",\"datePublished\":\"2018-01-30T09:33:02+00:00\",\"dateModified\":\"2023-02-10T12:05:24+00:00\",\"breadcrumb\":{\"@id\":\"https:\/\/vika.no\/?page_id=1192#breadcrumb\"},\"inLanguage\":\"nb-NO\",\"potentialAction\":[{\"@type\":\"ReadAction\",\"target\":[\"https:\/\/vika.no\/?page_id=1192\"]}]},{\"@type\":\"ImageObject\",\"inLanguage\":\"nb-NO\",\"@id\":\"https:\/\/vika.no\/?page_id=1192#primaryimage\",\"url\":\"https:\/\/vika.no\/wp-content\/uploads\/2018\/03\/SideBilde4.jpg\",\"contentUrl\":\"https:\/\/vika.no\/wp-content\/uploads\/2018\/03\/SideBilde4.jpg\",\"width\":720,\"height\":420},{\"@type\":\"BreadcrumbList\",\"@id\":\"https:\/\/vika.no\/?page_id=1192#breadcrumb\",\"itemListElement\":[{\"@type\":\"ListItem\",\"position\":1,\"name\":\"Home\",\"item\":\"https:\/\/vika.no\/\"},{\"@type\":\"ListItem\",\"position\":2,\"name\":\"IT Driftstjenester\",\"item\":\"https:\/\/vika.no\/?page_id=501\"},{\"@type\":\"ListItem\",\"position\":3,\"name\":\"Domene &#8211; Webhosting\"}]},{\"@type\":\"WebSite\",\"@id\":\"https:\/\/vika.no\/#website\",\"url\":\"https:\/\/vika.no\/\",\"name\":\"Vika AS\",\"description\":\"Lokal leverand\u00f8r av globale IT-tjenester\",\"potentialAction\":[{\"@type\":\"SearchAction\",\"target\":{\"@type\":\"EntryPoint\",\"urlTemplate\":\"https:\/\/vika.no\/?s={search_term_string}\"},\"query-input\":\"required name=search_term_string\"}],\"inLanguage\":\"nb-NO\"}]}<\/script>\n<!-- \/ Yoast SEO plugin. -->","yoast_head_json":{"title":"Domene - Webhosting - Vika AS","robots":{"index":"index","follow":"follow","max-snippet":"max-snippet:-1","max-image-preview":"max-image-preview:large","max-video-preview":"max-video-preview:-1"},"canonical":"https:\/\/vika.no\/?page_id=1192","og_locale":"nb_NO","og_type":"article","og_title":"Domene - Webhosting - Vika AS","og_description":"Domener har blitt en selvf\u00f8lgelighet for alle bedrifter som en profilering p\u00e5 internett, hvor e-post og nettsider har blitt en popul\u00e6r teknikk for markedsf\u00f8ring. Vi tilbyr fleksible l\u00f8sninger for nettsider og e-post med mulighet for bl.a webmail og spamfilter. L\u00f8sningen kan leveres med s\u00f8ppelfiltrering og virusvask s\u00e5 du slipper unna det meste av u\u00f8nsket e-post.","og_url":"https:\/\/vika.no\/?page_id=1192","og_site_name":"Vika AS","article_modified_time":"2023-02-10T12:05:24+00:00","og_image":[{"width":720,"height":420,"url":"https:\/\/vika.no\/wp-content\/uploads\/2018\/03\/SideBilde4.jpg","type":"image\/jpeg"}],"twitter_card":"summary_large_image","twitter_misc":{"Ansl. lesetid":"1 minutt"},"schema":{"@context":"https:\/\/schema.org","@graph":[{"@type":"WebPage","@id":"https:\/\/vika.no\/?page_id=1192","url":"https:\/\/vika.no\/?page_id=1192","name":"Domene - Webhosting - Vika AS","isPartOf":{"@id":"https:\/\/vika.no\/#website"},"primaryImageOfPage":{"@id":"https:\/\/vika.no\/?page_id=1192#primaryimage"},"image":{"@id":"https:\/\/vika.no\/?page_id=1192#primaryimage"},"thumbnailUrl":"https:\/\/vika.no\/wp-content\/uploads\/2018\/03\/SideBilde4.jpg","datePublished":"2018-01-30T09:33:02+00:00","dateModified":"2023-02-10T12:05:24+00:00","breadcrumb":{"@id":"https:\/\/vika.no\/?page_id=1192#breadcrumb"},"inLanguage":"nb-NO","potentialAction":[{"@type":"ReadAction","target":["https:\/\/vika.no\/?page_id=1192"]}]},{"@type":"ImageObject","inLanguage":"nb-NO","@id":"https:\/\/vika.no\/?page_id=1192#primaryimage","url":"https:\/\/vika.no\/wp-content\/uploads\/2018\/03\/SideBilde4.jpg","contentUrl":"https:\/\/vika.no\/wp-content\/uploads\/2018\/03\/SideBilde4.jpg","width":720,"height":420},{"@type":"BreadcrumbList","@id":"https:\/\/vika.no\/?page_id=1192#breadcrumb","itemListElement":[{"@type":"ListItem","position":1,"name":"Home","item":"https:\/\/vika.no\/"},{"@type":"ListItem","position":2,"name":"IT Driftstjenester","item":"https:\/\/vika.no\/?page_id=501"},{"@type":"ListItem","position":3,"name":"Domene &#8211; Webhosting"}]},{"@type":"WebSite","@id":"https:\/\/vika.no\/#website","url":"https:\/\/vika.no\/","name":"Vika AS","description":"Lokal leverand\u00f8r av globale IT-tjenester","potentialAction":[{"@type":"SearchAction","target":{"@type":"EntryPoint","urlTemplate":"https:\/\/vika.no\/?s={search_term_string}"},"query-input":"required name=search_term_string"}],"inLanguage":"nb-NO"}]}},"_links":{"self":[{"href":"https:\/\/vika.no\/index.php?rest_route=\/wp\/v2\/pages\/1192"}],"collection":[{"href":"https:\/\/vika.no\/index.php?rest_route=\/wp\/v2\/pages"}],"about":[{"href":"https:\/\/vika.no\/index.php?rest_route=\/wp\/v2\/types\/page"}],"author":[{"embeddable":true,"href":"https:\/\/vika.no\/index.php?rest_route=\/wp\/v2\/users\/4"}],"replies":[{"embeddable":true,"href":"https:\/\/vika.no\/index.php?rest_route=%2Fwp%2Fv2%2Fcomments&post=1192"}],"version-history":[{"count":89,"href":"https:\/\/vika.no\/index.php?rest_route=\/wp\/v2\/pages\/1192\/revisions"}],"predecessor-version":[{"id":3221,"href":"https:\/\/vika.no\/index.php?rest_route=\/wp\/v2\/pages\/1192\/revisions\/3221"}],"up":[{"embeddable":true,"href":"https:\/\/vika.no\/index.php?rest_route=\/wp\/v2\/pages\/501"}],"wp:featuredmedia":[{"embeddable":true,"href":"https:\/\/vika.no\/index.php?rest_route=\/wp\/v2\/media\/2478"}],"wp:attachment":[{"href":"https:\/\/vika.no\/index.php?rest_route=%2Fwp%2Fv2%2Fmedia&parent=1192"}],"curies":[{"name":"wp","href":"https:\/\/api.w.org\/{rel}","templated":true}]}}