{"id":15,"date":"2015-08-27T11:33:31","date_gmt":"2015-08-27T11:33:31","guid":{"rendered":"http:\/\/xml-io.proteusthemes.com\/repairpress\/?page_id=15"},"modified":"2025-05-20T14:54:10","modified_gmt":"2025-05-20T13:54:10","slug":"vika-it-driftssenter","status":"publish","type":"page","link":"https:\/\/vika.no\/","title":{"rendered":"Vika IT Driftssenter"},"content":{"rendered":"<div id=\"pl-15\"  class=\"panel-layout\" ><div id=\"pg-15-0\"  class=\"panel-grid panel-has-style\" ><div class=\"icon-box-small siteorigin-panels-stretch panel-row-style panel-row-style-for-15-0\" data-stretch-type=\"full\" ><div id=\"pgc-15-0-0\"  class=\"panel-grid-cell\" ><div id=\"panel-15-0-0-0\" class=\"so-panel widget widget_pw_icon_box widget-icon-box panel-first-child panel-last-child\" data-index=\"0\" ><div class=\"panel-widget-style panel-widget-style-for-15-0-0-0\" >\n\t\t\t<div class=\"icon-box\">\n\t\n\t\t<i class=\"fa  fa-check-circle-o  fa-3x\"><\/i>\n\t\t<div class=\"icon-box__text\">\n\t\t\t<h4 class=\"icon-box__title\">LANG ERFARING<\/h4>\n\t\t\t<span class=\"icon-box__subtitle\">Over 20 \u00e5rs erfaring<\/span>\n\t\t<\/div>\n\n\t\t\t<\/div>\n\t\n<\/div><\/div><\/div><div id=\"pgc-15-0-1\"  class=\"panel-grid-cell\" ><div id=\"panel-15-0-1-0\" class=\"so-panel widget widget_pw_icon_box widget-icon-box panel-first-child panel-last-child\" data-index=\"1\" ><div class=\"panel-widget-style panel-widget-style-for-15-0-1-0\" >\n\t\t\t<div class=\"icon-box\">\n\t\n\t\t<i class=\"fa  fa-calendar-o  fa-3x\"><\/i>\n\t\t<div class=\"icon-box__text\">\n\t\t\t<h4 class=\"icon-box__title\">SERVICE P\u00c5 STEDET<\/h4>\n\t\t\t<span class=\"icon-box__subtitle\">Forenkler hverdagen <\/span>\n\t\t<\/div>\n\n\t\t\t<\/div>\n\t\n<\/div><\/div><\/div><div id=\"pgc-15-0-2\"  class=\"panel-grid-cell\" ><div id=\"panel-15-0-2-0\" class=\"so-panel widget widget_pw_icon_box widget-icon-box panel-first-child panel-last-child\" data-index=\"2\" ><div class=\"panel-widget-style panel-widget-style-for-15-0-2-0\" >\n\t\t\t<div class=\"icon-box\">\n\t\n\t\t<i class=\"fa  fa-users  fa-3x\"><\/i>\n\t\t<div class=\"icon-box__text\">\n\t\t\t<h4 class=\"icon-box__title\">KVALIFISERT FAGPERSONELL<\/h4>\n\t\t\t<span class=\"icon-box__subtitle\">Din sikkerhet<\/span>\n\t\t<\/div>\n\n\t\t\t<\/div>\n\t\n<\/div><\/div><\/div><div id=\"pgc-15-0-3\"  class=\"panel-grid-cell\" ><div id=\"panel-15-0-3-0\" class=\"so-panel widget widget_pw_icon_box widget-icon-box panel-first-child panel-last-child\" data-index=\"3\" ><div class=\"panel-widget-style panel-widget-style-for-15-0-3-0\" >\n\t\t\t<div class=\"icon-box\">\n\t\n\t\t<i class=\"fa  fa-dashboard  fa-3x\"><\/i>\n\t\t<div class=\"icon-box__text\">\n\t\t\t<h4 class=\"icon-box__title\">RASK RESPONSTID<\/h4>\n\t\t\t<span class=\"icon-box__subtitle\">Alltid tilgjengelig<\/span>\n\t\t<\/div>\n\n\t\t\t<\/div>\n\t\n<\/div><\/div><\/div><\/div><\/div><div id=\"pg-15-1\"  class=\"panel-grid panel-has-style\" ><div class=\"siteorigin-panels-stretch panel-row-style panel-row-style-for-15-1\" data-stretch-type=\"full\" ><div id=\"pgc-15-1-0\"  class=\"panel-grid-cell\" ><div id=\"panel-15-1-0-0\" class=\"so-panel widget widget_pw_title_with_button widget-title-with-button panel-first-child panel-last-child\" data-index=\"4\" ><div class=\"widget-title--big panel-widget-style panel-widget-style-for-15-1-0-0\" >\t\t\t\t<div class=\"title-with-button\">\n\t\t\t\t\t<h3 class=\"widget-title\"><span class=\"widget-title__inline\">SISTE NYHETER<\/span><\/h3>\t\t\t\t\t<a href=\"https:\/\/vika.no\/?page_id=11\" target=\"_self\" class=\"btn  btn-primary  title-with-button__button\" title=\"Flere nyheter\">Flere nyheter<\/a>\n\t\t\t\t<\/div>\n\t\t\t<\/div><\/div><\/div><\/div><\/div><div id=\"pg-15-2\"  class=\"panel-grid panel-has-style\" ><div class=\"siteorigin-panels-stretch panel-row-style panel-row-style-for-15-2\" data-stretch-type=\"full\" ><div id=\"pgc-15-2-0\"  class=\"panel-grid-cell\" ><div id=\"panel-15-2-0-0\" class=\"so-panel widget widget_pw_latest_news widget-latest-news panel-first-child panel-last-child\" data-index=\"5\" >\n\t\t\t\t\t\t<a href=\"https:\/\/vika.no\/?p=3166\" class=\"latest-news  latest-news--block\">\n\t\t\t\t<div class=\"latest-news__date\">\n\t\t\t\t\t<div class=\"latest-news__date__month\">\n\t\t\t\t\t\tfeb\t\t\t\t\t<\/div>\n\t\t\t\t\t<div class=\"latest-news__date__day\">\n\t\t\t\t\t\t10\t\t\t\t\t<\/div>\n\t\t\t\t<\/div>\n\t\t\t\t\n\t\t\t\t<div class=\"latest-news__content\">\n\t\t\t\t\t<h4 class=\"latest-news__title\">Avvikling av e-post hos Norsk Helsenett<\/h4>\n\t\t\t\t\t<div class=\"latest-news__author\">\n\t\t\t\t\t\tBy Kjetil Asphoug\t\t\t\t\t<\/div>\n\t\t\t\t<\/div>\n\t\t\t<\/a>\n\t\t\t\t\t\n<\/div><\/div><div id=\"pgc-15-2-1\"  class=\"panel-grid-cell\" ><div id=\"panel-15-2-1-0\" class=\"so-panel widget widget_pw_latest_news widget-latest-news panel-first-child panel-last-child\" data-index=\"6\" >\n\t\t\t\t\t\t<a href=\"https:\/\/vika.no\/?p=3094\" class=\"latest-news  latest-news--block\">\n\t\t\t\t<div class=\"latest-news__date\">\n\t\t\t\t\t<div class=\"latest-news__date__month\">\n\t\t\t\t\t\tdes\t\t\t\t\t<\/div>\n\t\t\t\t\t<div class=\"latest-news__date__day\">\n\t\t\t\t\t\t18\t\t\t\t\t<\/div>\n\t\t\t\t<\/div>\n\t\t\t\t\n\t\t\t\t<div class=\"latest-news__content\">\n\t\t\t\t\t<h4 class=\"latest-news__title\">Str\u00f8mproblemer for Elvia i Gj\u00f8vik-omr\u00e5det.<\/h4>\n\t\t\t\t\t<div class=\"latest-news__author\">\n\t\t\t\t\t\tBy admin\t\t\t\t\t<\/div>\n\t\t\t\t<\/div>\n\t\t\t<\/a>\n\t\t\t\t\t\n<\/div><\/div><\/div><\/div><div id=\"pg-15-3\"  class=\"panel-grid panel-no-style\" ><div id=\"pgc-15-3-0\"  class=\"panel-grid-cell\" ><div id=\"panel-15-3-0-0\" class=\"so-panel widget widget_black-studio-tinymce widget_black_studio_tinymce panel-first-child panel-last-child\" data-index=\"7\" ><div class=\"widget-title--big panel-widget-style panel-widget-style-for-15-3-0-0\" ><h3 class=\"widget-title\"><span class=\"widget-title__inline\">OM OSS<\/span><\/h3><div class=\"textwidget\">Vika er totalleverand\u00f8r av IT-tjenester\nog maskinvare for bedriftsmarkedet.\n\nVi har i l\u00f8pet av \u00e5rene markert oss i markedet som en trygg leverand\u00f8r\nav skreddersydde l\u00f8sninger for sm\u00e5 og store bedrifter, i alle typer\nsegmenter. Vika har ett langt partnersamarbeid med Dell i Norge. \nDette gj\u00f8r det mulig for bedrifter \u00e5 f\u00e5 lokal hjelp, \nr\u00e5d og veiledning p\u00e5 alt fra enkle IT-l\u00f8sninger\ntil avanserte virtualiserings- og datalagringsl\u00f8sninger.\n\nSom partner med Norsk Helsenett kan Vika tilby\nutvidet drift av IT-l\u00f8sninger for alle typer helseforetak.\nVi har bred erfaring med de fleste journalsystemer\nog tilleggsprogrammer som benyttes i helseforetak\ni dag.<\/div><\/div><\/div><\/div><div id=\"pgc-15-3-1\"  class=\"panel-grid-cell\" ><div id=\"panel-15-3-1-0\" class=\"so-panel widget widget_pw_accordion widget-accordion panel-first-child panel-last-child\" data-index=\"8\" ><div class=\"widget-title--big panel-widget-style panel-widget-style-for-15-3-1-0\" ><h3 class=\"widget-title\"><span class=\"widget-title__inline\">FAQ<\/span><\/h3>\t<div class=\"accordion panel-group\" id=\"accordion-widget-3-1-0\" role=\"tablist\" aria-multiselectable=\"true\">\n\t\t\t<div class=\"accordion__panel  panel  panel-default\">\n\t\t\t<div class=\"accordion__heading  panel-heading\" role=\"tab\" id=\"heading-widget-3-1-0-3\">\n\t\t\t\t<h4 class=\"panel-title\">\n\t\t\t\t\t<a class=\"collapsed\" role=\"button\" data-toggle=\"collapse\" data-parent=\"#accordion-widget-3-1-0\" href=\"#collapse-widget-3-1-0-3\" aria-expanded=\"false\" aria-controls=\"collapse-widget-3-1-0-3\">\n\t\t\t\t\t\tInnlogging kundesenter\t\t\t\t\t<\/a>\n\t\t\t\t<\/h4>\n\t\t\t<\/div>\n\t\t\t<div id=\"collapse-widget-3-1-0-3\" class=\"accordion__content  panel-collapse  collapse\" role=\"tabpanel\" aria-labelledby=\"heading-widget-3-1-0-3\">\n\t\t\t\t<div class=\"panel-body\">\n\t\t\t\t\tFor \u00e5 logge inn i v\u00e5rt kundesenter klikk p\u00e5 \"Kundesenter\" oppe i h\u00f8yre hj\u00f8rne p\u00e5 forsiden.\nDu vil deretter bli bedt om \u00e5 skrive inn brukernavn og passord.\n\nHvis du ikke har registrert deg, kan du trykke p\u00e5 \"Registrer\" rett under innloggingsfeltene.\t\t\t\t<\/div>\n\t\t\t<\/div>\n\t\t<\/div>\n\t\t\t<div class=\"accordion__panel  panel  panel-default\">\n\t\t\t<div class=\"accordion__heading  panel-heading\" role=\"tab\" id=\"heading-widget-3-1-0-4\">\n\t\t\t\t<h4 class=\"panel-title\">\n\t\t\t\t\t<a class=\"collapsed\" role=\"button\" data-toggle=\"collapse\" data-parent=\"#accordion-widget-3-1-0\" href=\"#collapse-widget-3-1-0-4\" aria-expanded=\"false\" aria-controls=\"collapse-widget-3-1-0-4\">\n\t\t\t\t\t\tBuyPass Smartkort\/Kortleser\t\t\t\t\t<\/a>\n\t\t\t\t<\/h4>\n\t\t\t<\/div>\n\t\t\t<div id=\"collapse-widget-3-1-0-4\" class=\"accordion__content  panel-collapse  collapse\" role=\"tabpanel\" aria-labelledby=\"heading-widget-3-1-0-4\">\n\t\t\t\t<div class=\"panel-body\">\n\t\t\t\t\tG\u00e5 inn p\u00e5 denne lenken https:\/\/www.buypass.no\/reg\/vika for \u00e5 bestille et nytt eller fornye ditt smartkort.\n\nHvis du opplever feil med smartkort og\/eller kortleser, anbefaler vi alltid \u00e5 trekke ut kortleseren og deretter sette den inn i en annen USB-port etter 10-15 sekunder.\t\t\t\t<\/div>\n\t\t\t<\/div>\n\t\t<\/div>\n\t\t\t<div class=\"accordion__panel  panel  panel-default\">\n\t\t\t<div class=\"accordion__heading  panel-heading\" role=\"tab\" id=\"heading-widget-3-1-0-5\">\n\t\t\t\t<h4 class=\"panel-title\">\n\t\t\t\t\t<a class=\"collapsed\" role=\"button\" data-toggle=\"collapse\" data-parent=\"#accordion-widget-3-1-0\" href=\"#collapse-widget-3-1-0-5\" aria-expanded=\"false\" aria-controls=\"collapse-widget-3-1-0-5\">\n\t\t\t\t\t\tVPN Klient - Nedlasting\t\t\t\t\t<\/a>\n\t\t\t\t<\/h4>\n\t\t\t<\/div>\n\t\t\t<div id=\"collapse-widget-3-1-0-5\" class=\"accordion__content  panel-collapse  collapse\" role=\"tabpanel\" aria-labelledby=\"heading-widget-3-1-0-5\">\n\t\t\t\t<div class=\"panel-body\">\n\t\t\t\t\tP\u00e5 web siden https:\/\/www.checkpoint.com\/products\/remote-access-vpn\/ vil man finne siste versjon av VPN klient programvare. \t\t\t\t<\/div>\n\t\t\t<\/div>\n\t\t<\/div>\n\t\t\t<\/div>\n\n<\/div><\/div><\/div><\/div><div id=\"pg-15-4\"  class=\"panel-grid panel-no-style\" ><div id=\"pgc-15-4-0\"  class=\"panel-grid-cell\" ><div id=\"panel-15-4-0-0\" class=\"so-panel widget widget_pw_testimonials widget-testimonials panel-first-child panel-last-child\" data-index=\"9\" >\n\t<div class=\"testimonial\">\n\t\t\t\t\t<a class=\"testimonial__carousel  testimonial__carousel--left\" href=\"#carousel-testimonials-widget-4-0-0\" data-slide=\"prev\"><i class=\"fa  fa-chevron-left\" aria-hidden=\"true\"><\/i><span class=\"sr-only\" role=\"button\">Next<\/span><\/a>\n\t\t\n\t\t<h3 class=\"widget-title\"><span class=\"widget-title__inline\">Dette sier noen av v\u00e5re kunder.<\/span><\/h3>\n\t\t\t\t\t<a class=\"testimonial__carousel  testimonial__carousel--right\" href=\"#carousel-testimonials-widget-4-0-0\" data-slide=\"next\"><i class=\"fa  fa-chevron-right\" aria-hidden=\"true\"><\/i><span class=\"sr-only\" role=\"button\">Previous<\/span><\/a>\n\t\t\n\t\t<div id=\"carousel-testimonials-widget-4-0-0\" class=\"carousel slide\" data-ride=\"carousel\" data-interval=\"30000\">\n\t\t\t<!-- Wrapper for slides -->\n\t\t\t<div class=\"carousel-inner\" role=\"listbox\">\n\t\t\t\t<div class=\"item active\">\n\t\t\t\t\t<div class=\"row\">\n\t\t\t\t\t\t\t\t\t\t\t\t\t\t\t\t\t\t\t\t<div class=\"col-xs-12  col-sm-12\">\n\t\t\t\t\t\t\t\t<blockquote>\n\t\t\t\t\t\t\t\t\t<p class=\"testimonial__quote\">\n\t\t\t\t\t\t\t\t\t\tEtter veldig mange \u00e5r med Vika som v\u00e5r IT-leverand\u00f8r, og med d\u00f8gndrift 24\/7 hver eneste dag i \u00e5ret siden 2002, er vi veldig forn\u00f8yde med v\u00e5rt valg. Med v\u00e5rt behov for en tjeneste som fungerer hele d\u00f8gnet, f\u00f8ler vi at vi her har funnet en trygg og sikker driftsleverand\u00f8r. \n\t\t\t\t\t\t\t\t\t<\/p>\n\t\t\t\t\t\t\t\t\t<cite class=\"testimonial__author\">\n\t\t\t\t\t\t\t\t\t\tLine Merete Haugen, Daglig leder - Lillehammer Taxisentral AS\t\t\t\t\t\t\t\t\t<\/cite>\n\n\t\t\t\t\t\t\t\t\t\n\t\t\t\t\t\t\t\t\t\n\t\t\t\t\t\t\t\t\t\t\t\t\t\t\t\t\t<\/blockquote>\n\t\t\t\t\t\t\t<\/div>\n\t\t\t\t\t\t\t\t\t\t\t\t\t<\/div><\/div> <div class=\"item\"><div class=\"row\">\t\t\t\t\t\t\t<div class=\"col-xs-12  col-sm-12\">\n\t\t\t\t\t\t\t\t<blockquote>\n\t\t\t\t\t\t\t\t\t<p class=\"testimonial__quote\">\n\t\t\t\t\t\t\t\t\t\tGj\u00f8vik Legesenter er sv\u00e6rt forn\u00f8yd med Vikas utpregede serviceinstilling og\nevne til hurtig probleml\u00f8sning. Vi f\u00f8ler oss sikre p\u00e5 at datahelsen til enhver tid er i\ntrygge og erfarne hender, enten det gjelder maskinvare, journalsystemer, \ne-post eller internettl\u00f8sninger.\t\t\t\t\t\t\t\t\t<\/p>\n\t\t\t\t\t\t\t\t\t<cite class=\"testimonial__author\">\n\t\t\t\t\t\t\t\t\t\tVidar Moldeg\u00e5rd - Gj\u00f8vik Legesenter AS\t\t\t\t\t\t\t\t\t<\/cite>\n\n\t\t\t\t\t\t\t\t\t\n\t\t\t\t\t\t\t\t\t\n\t\t\t\t\t\t\t\t\t\t\t\t\t\t\t\t\t<\/blockquote>\n\t\t\t\t\t\t\t<\/div>\n\t\t\t\t\t\t\t\t\t\t\t\t\t<\/div><\/div> <div class=\"item\"><div class=\"row\">\t\t\t\t\t\t\t<div class=\"col-xs-12  col-sm-12\">\n\t\t\t\t\t\t\t\t<blockquote>\n\t\t\t\t\t\t\t\t\t<p class=\"testimonial__quote\">\n\t\t\t\t\t\t\t\t\t\tVi kan n\u00e5 fokusere p\u00e5 v\u00e5re prim\u00e6roppgaver og opplever en hverdag med\nstabilt datasystem hvor alt fungere til enhver tid.\t\t\t\t\t\t\t\t\t<\/p>\n\t\t\t\t\t\t\t\t\t<cite class=\"testimonial__author\">\n\t\t\t\t\t\t\t\t\t\tVidar Kj\u00f8nsberg, Daglig leder - Autoskade Elverum AS\t\t\t\t\t\t\t\t\t<\/cite>\n\n\t\t\t\t\t\t\t\t\t\n\t\t\t\t\t\t\t\t\t\n\t\t\t\t\t\t\t\t\t\t\t\t\t\t\t\t\t<\/blockquote>\n\t\t\t\t\t\t\t<\/div>\n\t\t\t\t\t\t\t\t\t\t\t<\/div>\n\t\t\t\t<\/div>\n\t\t\t<\/div>\n\t\t<\/div>\n\t<\/div>\n\n<\/div><\/div><\/div><div id=\"pg-15-5\"  class=\"panel-grid panel-no-style\" ><div id=\"pgc-15-5-0\"  class=\"panel-grid-cell\" ><div id=\"panel-15-5-0-0\" class=\"widget_text so-panel widget widget_custom_html panel-first-child panel-last-child\" data-index=\"10\" ><div class=\"textwidget custom-html-widget\"><style>\n\tdiv.logo_container {\n\t\tmax-width: 960px;\n\t\tmargin: 0 auto;\n\t\toverflow: auto;\n\t}\n\t.logo_container img:hover {\n\t\topacity: 1;\n\t\tfilter: none;\n\t}\n\t.logo_container img {\n\t\tfloat: left;\n\t\twidth: calc(100% \/ 6);\n\t\topacity: 0.5;\n\t\tfilter: grayscale(100%);\n\t\ttransition: opacity .3s ease-in-out, filter .3s ease-out;\n\t}\n\t@media (max-width: 1080px) {\n\t\t.logo_container img {\n\t\t\twidth: 33.33333%;\n\t\t\tmax-width: 200px;\n\t\t}\n\t\tdiv.logo_container {\n\t\t\twidth: 100%;\n\t\t\tmax-width: 600px;\n\t\t}\n\t}\n\t@media (max-width: 720px) {\n\t\t.logo_container img {\n\t\t\twidth: 50%;\n\t\t\tmax-width: 200px;\n\t\t}\n\t\tdiv.logo_container {\n\t\t\twidth: 100%;\n\t\t\tmax-width: 400px;\n\t\t}\n\t}\n\t@media (max-width: 420px) {\n\t\t.logo_container img {\n\t\t\twidth: 100%;\n\t\t}\n\t\tdiv.logo_container {\n\t\t\tmax-width: 200px;\n\t\t}\n\t}\n<\/style>\n<div class=\"logo_container\">\n\t<img decoding=\"async\" src=\"\/wp-content\/uploads\/2018\/04\/dell-1.png\" alt=\"Dell\" title=\"V\u00e5r hovedleverand\u00f8r av PC, servere og nettverk\" \/>\n\t<img decoding=\"async\" src=\"\/wp-content\/uploads\/2018\/04\/checkpoint.png\" alt=\"Check Point\" title=\"Markedsledende sikkerhetsl\u00f8sninger\" \/>\n\t<img decoding=\"async\" src=\"\/wp-content\/uploads\/2018\/05\/vmware_partner.png\" alt=\"VMware\" title=\"V\u00e5r sky platform leverand\u00f8r\" \/>\n\t<img decoding=\"async\" src=\"\/wp-content\/uploads\/2018\/04\/symantec.png\" alt=\"Symantec\" title=\"Ledende innen antivirus og spamfiltrering\" \/>\n\t<img decoding=\"async\" src=\"\/wp-content\/uploads\/2018\/04\/microsoft.png\" alt=\"Microsoft\" title=\"Bransjestandard programvare leverand\u00f8r\" \/>\n\t<img decoding=\"async\" src=\"\/wp-content\/uploads\/2018\/04\/keepitsafe.png\" alt=\"KeepItSafe\" title=\"V\u00e5r leverand\u00f8r av backup over helsenett og internett\" \/>\n<\/div><\/div><\/div><\/div><\/div><div id=\"pg-15-6\"  class=\"panel-grid panel-no-style\" ><div id=\"pgc-15-6-0\"  class=\"panel-grid-cell panel-grid-cell-empty\" ><\/div><\/div><div id=\"pg-15-7\"  class=\"panel-grid panel-has-style\" ><div class=\"siteorigin-panels-stretch panel-row-style panel-row-style-for-15-7\" data-stretch-type=\"full-width-stretch\" ><div id=\"pgc-15-7-0\"  class=\"panel-grid-cell\" ><div id=\"panel-15-7-0-0\" class=\"so-panel widget widget_pw_google_map panel-first-child panel-last-child\" data-index=\"11\" >\n\t<div\n\t\tclass=\"simple-map  js-where-we-are\"\n\t\tdata-latlng=\"60.793946093802994,10.69490289701207\"\n\t\tdata-markers=\"[{&quot;id&quot;:&quot;2&quot;,&quot;title&quot;:&quot;Vika as Gj\\u00f8vik&quot;,&quot;locationlatlng&quot;:&quot;60.793946093802994,10.69490289701207&quot;,&quot;custompinimage&quot;:&quot;&quot;}]\"\n\t\tdata-zoom=\"12\"\n\t\tdata-type=\"roadmap\"\n\t\tdata-style=\"[{&quot;featureType&quot;:&quot;water&quot;,&quot;elementType&quot;:&quot;geometry&quot;,&quot;stylers&quot;:[{&quot;color&quot;:&quot;#e9e9e9&quot;},{&quot;lightness&quot;:17}]},{&quot;featureType&quot;:&quot;landscape&quot;,&quot;elementType&quot;:&quot;geometry&quot;,&quot;stylers&quot;:[{&quot;color&quot;:&quot;#f5f5f5&quot;},{&quot;lightness&quot;:20}]},{&quot;featureType&quot;:&quot;road.highway&quot;,&quot;elementType&quot;:&quot;geometry.fill&quot;,&quot;stylers&quot;:[{&quot;color&quot;:&quot;#ffffff&quot;},{&quot;lightness&quot;:17}]},{&quot;featureType&quot;:&quot;road.highway&quot;,&quot;elementType&quot;:&quot;geometry.stroke&quot;,&quot;stylers&quot;:[{&quot;color&quot;:&quot;#ffffff&quot;},{&quot;lightness&quot;:29},{&quot;weight&quot;:0.2}]},{&quot;featureType&quot;:&quot;road.arterial&quot;,&quot;elementType&quot;:&quot;geometry&quot;,&quot;stylers&quot;:[{&quot;color&quot;:&quot;#ffffff&quot;},{&quot;lightness&quot;:18}]},{&quot;featureType&quot;:&quot;road.local&quot;,&quot;elementType&quot;:&quot;geometry&quot;,&quot;stylers&quot;:[{&quot;color&quot;:&quot;#ffffff&quot;},{&quot;lightness&quot;:16}]},{&quot;featureType&quot;:&quot;poi&quot;,&quot;elementType&quot;:&quot;geometry&quot;,&quot;stylers&quot;:[{&quot;color&quot;:&quot;#f5f5f5&quot;},{&quot;lightness&quot;:21}]},{&quot;featureType&quot;:&quot;poi.park&quot;,&quot;elementType&quot;:&quot;geometry&quot;,&quot;stylers&quot;:[{&quot;color&quot;:&quot;#dedede&quot;},{&quot;lightness&quot;:21}]},{&quot;elementType&quot;:&quot;labels.text.stroke&quot;,&quot;stylers&quot;:[{&quot;visibility&quot;:&quot;on&quot;},{&quot;color&quot;:&quot;#ffffff&quot;},{&quot;lightness&quot;:16}]},{&quot;elementType&quot;:&quot;labels.text.fill&quot;,&quot;stylers&quot;:[{&quot;saturation&quot;:36},{&quot;color&quot;:&quot;#333333&quot;},{&quot;lightness&quot;:40}]},{&quot;elementType&quot;:&quot;labels.icon&quot;,&quot;stylers&quot;:[{&quot;visibility&quot;:&quot;off&quot;}]},{&quot;featureType&quot;:&quot;transit&quot;,&quot;elementType&quot;:&quot;geometry&quot;,&quot;stylers&quot;:[{&quot;color&quot;:&quot;#f2f2f2&quot;},{&quot;lightness&quot;:19}]},{&quot;featureType&quot;:&quot;administrative&quot;,&quot;elementType&quot;:&quot;geometry.fill&quot;,&quot;stylers&quot;:[{&quot;color&quot;:&quot;#fefefe&quot;},{&quot;lightness&quot;:20}]},{&quot;featureType&quot;:&quot;administrative&quot;,&quot;elementType&quot;:&quot;geometry.stroke&quot;,&quot;stylers&quot;:[{&quot;color&quot;:&quot;#fefefe&quot;},{&quot;lightness&quot;:17},{&quot;weight&quot;:1.2}]}]\"\n\t\tstyle=\"height: 380px;\"\n\t><\/div>\n\n<\/div><\/div><\/div><\/div><\/div>","protected":false},"excerpt":{"rendered":"<p>LANG ERFARING Over 20 \u00e5rs erfaring SERVICE P\u00c5 STEDET Forenkler hverdagen KVALIFISERT FAGPERSONELL Din sikkerhet RASK RESPONSTID Alltid tilgjengelig SISTE NYHETER Flere nyheter feb 10 Avvikling av e-post hos Norsk Helsenett By Kjetil Asphoug des 18 Str\u00f8mproblemer for Elvia i Gj\u00f8vik-omr\u00e5det. By admin OM OSSVika er totalleverand\u00f8r av IT-tjenester og maskinvare for bedriftsmarkedet. Vi har &hellip;<\/p>\n","protected":false},"author":1,"featured_media":0,"parent":0,"menu_order":0,"comment_status":"closed","ping_status":"closed","template":"template-front-page-slider.php","meta":{"_acf_changed":false,"footnotes":""},"acf":[],"yoast_head":"<!-- This site is optimized with the Yoast SEO plugin v22.9 - https:\/\/yoast.com\/wordpress\/plugins\/seo\/ -->\n<title>Vika IT Driftssenter - Vika AS<\/title>\n<meta name=\"robots\" content=\"index, follow, max-snippet:-1, max-image-preview:large, max-video-preview:-1\" \/>\n<link rel=\"canonical\" href=\"https:\/\/vika.no\/\" \/>\n<meta property=\"og:locale\" content=\"nb_NO\" \/>\n<meta property=\"og:type\" content=\"article\" \/>\n<meta property=\"og:title\" content=\"Vika IT Driftssenter - Vika AS\" \/>\n<meta property=\"og:description\" content=\"LANG ERFARING Over 20 \u00e5rs erfaring SERVICE P\u00c5 STEDET Forenkler hverdagen KVALIFISERT FAGPERSONELL Din sikkerhet RASK RESPONSTID Alltid tilgjengelig SISTE NYHETER Flere nyheter feb 10 Avvikling av e-post hos Norsk Helsenett By Kjetil Asphoug des 18 Str\u00f8mproblemer for Elvia i Gj\u00f8vik-omr\u00e5det. By admin OM OSSVika er totalleverand\u00f8r av IT-tjenester og maskinvare for bedriftsmarkedet. Vi har &hellip;\" \/>\n<meta property=\"og:url\" content=\"https:\/\/vika.no\/\" \/>\n<meta property=\"og:site_name\" content=\"Vika AS\" \/>\n<meta property=\"article:modified_time\" content=\"2025-05-20T13:54:10+00:00\" \/>\n<meta name=\"twitter:card\" content=\"summary_large_image\" \/>\n<meta name=\"twitter:label1\" content=\"Ansl. lesetid\" \/>\n\t<meta name=\"twitter:data1\" content=\"3 minutter\" \/>\n<script type=\"application\/ld+json\" class=\"yoast-schema-graph\">{\"@context\":\"https:\/\/schema.org\",\"@graph\":[{\"@type\":\"WebPage\",\"@id\":\"https:\/\/vika.no\/\",\"url\":\"https:\/\/vika.no\/\",\"name\":\"Vika IT Driftssenter - Vika AS\",\"isPartOf\":{\"@id\":\"https:\/\/vika.no\/#website\"},\"datePublished\":\"2015-08-27T11:33:31+00:00\",\"dateModified\":\"2025-05-20T13:54:10+00:00\",\"breadcrumb\":{\"@id\":\"https:\/\/vika.no\/#breadcrumb\"},\"inLanguage\":\"nb-NO\",\"potentialAction\":[{\"@type\":\"ReadAction\",\"target\":[\"https:\/\/vika.no\/\"]}]},{\"@type\":\"BreadcrumbList\",\"@id\":\"https:\/\/vika.no\/#breadcrumb\",\"itemListElement\":[{\"@type\":\"ListItem\",\"position\":1,\"name\":\"Home\",\"item\":\"https:\/\/vika.no\/\"},{\"@type\":\"ListItem\",\"position\":2,\"name\":\"Vika IT Driftssenter\"}]},{\"@type\":\"WebSite\",\"@id\":\"https:\/\/vika.no\/#website\",\"url\":\"https:\/\/vika.no\/\",\"name\":\"Vika AS\",\"description\":\"Lokal leverand\u00f8r av globale IT-tjenester\",\"potentialAction\":[{\"@type\":\"SearchAction\",\"target\":{\"@type\":\"EntryPoint\",\"urlTemplate\":\"https:\/\/vika.no\/?s={search_term_string}\"},\"query-input\":\"required name=search_term_string\"}],\"inLanguage\":\"nb-NO\"}]}<\/script>\n<!-- \/ Yoast SEO plugin. -->","yoast_head_json":{"title":"Vika IT Driftssenter - Vika AS","robots":{"index":"index","follow":"follow","max-snippet":"max-snippet:-1","max-image-preview":"max-image-preview:large","max-video-preview":"max-video-preview:-1"},"canonical":"https:\/\/vika.no\/","og_locale":"nb_NO","og_type":"article","og_title":"Vika IT Driftssenter - Vika AS","og_description":"LANG ERFARING Over 20 \u00e5rs erfaring SERVICE P\u00c5 STEDET Forenkler hverdagen KVALIFISERT FAGPERSONELL Din sikkerhet RASK RESPONSTID Alltid tilgjengelig SISTE NYHETER Flere nyheter feb 10 Avvikling av e-post hos Norsk Helsenett By Kjetil Asphoug des 18 Str\u00f8mproblemer for Elvia i Gj\u00f8vik-omr\u00e5det. By admin OM OSSVika er totalleverand\u00f8r av IT-tjenester og maskinvare for bedriftsmarkedet. Vi har &hellip;","og_url":"https:\/\/vika.no\/","og_site_name":"Vika AS","article_modified_time":"2025-05-20T13:54:10+00:00","twitter_card":"summary_large_image","twitter_misc":{"Ansl. lesetid":"3 minutter"},"schema":{"@context":"https:\/\/schema.org","@graph":[{"@type":"WebPage","@id":"https:\/\/vika.no\/","url":"https:\/\/vika.no\/","name":"Vika IT Driftssenter - Vika AS","isPartOf":{"@id":"https:\/\/vika.no\/#website"},"datePublished":"2015-08-27T11:33:31+00:00","dateModified":"2025-05-20T13:54:10+00:00","breadcrumb":{"@id":"https:\/\/vika.no\/#breadcrumb"},"inLanguage":"nb-NO","potentialAction":[{"@type":"ReadAction","target":["https:\/\/vika.no\/"]}]},{"@type":"BreadcrumbList","@id":"https:\/\/vika.no\/#breadcrumb","itemListElement":[{"@type":"ListItem","position":1,"name":"Home","item":"https:\/\/vika.no\/"},{"@type":"ListItem","position":2,"name":"Vika IT Driftssenter"}]},{"@type":"WebSite","@id":"https:\/\/vika.no\/#website","url":"https:\/\/vika.no\/","name":"Vika AS","description":"Lokal leverand\u00f8r av globale IT-tjenester","potentialAction":[{"@type":"SearchAction","target":{"@type":"EntryPoint","urlTemplate":"https:\/\/vika.no\/?s={search_term_string}"},"query-input":"required name=search_term_string"}],"inLanguage":"nb-NO"}]}},"_links":{"self":[{"href":"https:\/\/vika.no\/index.php?rest_route=\/wp\/v2\/pages\/15"}],"collection":[{"href":"https:\/\/vika.no\/index.php?rest_route=\/wp\/v2\/pages"}],"about":[{"href":"https:\/\/vika.no\/index.php?rest_route=\/wp\/v2\/types\/page"}],"author":[{"embeddable":true,"href":"https:\/\/vika.no\/index.php?rest_route=\/wp\/v2\/users\/1"}],"replies":[{"embeddable":true,"href":"https:\/\/vika.no\/index.php?rest_route=%2Fwp%2Fv2%2Fcomments&post=15"}],"version-history":[{"count":324,"href":"https:\/\/vika.no\/index.php?rest_route=\/wp\/v2\/pages\/15\/revisions"}],"predecessor-version":[{"id":3407,"href":"https:\/\/vika.no\/index.php?rest_route=\/wp\/v2\/pages\/15\/revisions\/3407"}],"wp:attachment":[{"href":"https:\/\/vika.no\/index.php?rest_route=%2Fwp%2Fv2%2Fmedia&parent=15"}],"curies":[{"name":"wp","href":"https:\/\/api.w.org\/{rel}","templated":true}]}}