{"id":502,"date":"2015-08-27T11:32:41","date_gmt":"2015-08-27T11:32:41","guid":{"rendered":"http:\/\/xml-io.proteusthemes.com\/repairpress\/?page_id=9"},"modified":"2018-05-01T14:46:44","modified_gmt":"2018-05-01T12:46:44","slug":"about-us","status":"publish","type":"page","link":"https:\/\/vika.no\/?page_id=502","title":{"rendered":"Om Vika"},"content":{"rendered":"<div id=\"pl-502\"  class=\"panel-layout\" ><div id=\"pg-502-0\"  class=\"panel-grid panel-no-style\" ><div id=\"pgc-502-0-0\"  class=\"panel-grid-cell\" ><div id=\"panel-502-0-0-0\" class=\"so-panel widget widget_black-studio-tinymce widget_black_studio_tinymce panel-first-child panel-last-child\" data-index=\"0\" ><div class=\"textwidget\"><h3><strong>Om Vika - Hvorfor velge oss?<\/strong><\/h3>\n<p>Vika er totalleverand\u00f8r av IT-tjenester og maskinvare for bedriftsmarkedet. Vi har i l\u00f8pet av \u00e5rene siden oppstart i 1997 markert oss i markedet som en trygg leverand\u00f8r av skreddersydde l\u00f8sninger for sm\u00e5 og store bedrifter. Dette gj\u00f8r det mulig for bedrifter \u00e5 f\u00e5 hjelp, r\u00e5d og veiledning p\u00e5 alt fra enkle IT-l\u00f8sninger til avanserte virtualiserings - og datalagringsl\u00f8sninger.<\/p>\n<p>Som partner med Norsk Helsenett kan Vika tilby utvidet drift av IT-l\u00f8sninger for alle typer helseforetak. Vi har bred erfaring med de fleste journalsystemer og tilleggsprogrammer som benyttes i helseforetak i dag, som lokaldrift\/sky drift av journalsystemer for legekontorer, tannleger og manuell\/fysioterapeuter.<\/p>\n<p>Vi tilbyr en rekke tjenester innenfor IT-drift og er en totalleverand\u00f8r av alle basistjenester til sm\u00e5 og mellomstore bedrifter. Selskapet har over 20 \u00e5rs erfaring innen IT og har kompetente teknikere som alltid setter kundens behov og \u00f8nsker i f\u00f8rste rekke.<\/p>\n<p>&nbsp;<\/p>\n<\/div><\/div><\/div><\/div><\/div>","protected":false},"excerpt":{"rendered":"<p>Om Vika &#8211; Hvorfor velge oss? Vika er totalleverand\u00f8r av IT-tjenester og maskinvare for bedriftsmarkedet. Vi har i l\u00f8pet av \u00e5rene siden oppstart i 1997 markert oss i markedet som en trygg leverand\u00f8r av skreddersydde l\u00f8sninger for sm\u00e5 og store bedrifter. Dette gj\u00f8r det mulig for bedrifter \u00e5 f\u00e5 hjelp, r\u00e5d og veiledning p\u00e5 alt &hellip;<\/p>\n","protected":false},"author":1,"featured_media":0,"parent":0,"menu_order":0,"comment_status":"closed","ping_status":"closed","template":"","meta":{"_acf_changed":false,"footnotes":""},"acf":[],"yoast_head":"<!-- This site is optimized with the Yoast SEO plugin v22.9 - https:\/\/yoast.com\/wordpress\/plugins\/seo\/ -->\n<title>Om Vika - Vika AS<\/title>\n<meta name=\"robots\" content=\"index, follow, max-snippet:-1, max-image-preview:large, max-video-preview:-1\" \/>\n<link rel=\"canonical\" href=\"https:\/\/vika.no\/?page_id=502\" \/>\n<meta property=\"og:locale\" content=\"nb_NO\" \/>\n<meta property=\"og:type\" content=\"article\" \/>\n<meta property=\"og:title\" content=\"Om Vika - Vika AS\" \/>\n<meta property=\"og:description\" content=\"Om Vika - Hvorfor velge oss? Vika er totalleverand\u00f8r av IT-tjenester og maskinvare for bedriftsmarkedet. Vi har i l\u00f8pet av \u00e5rene siden oppstart i 1997 markert oss i markedet som en trygg leverand\u00f8r av skreddersydde l\u00f8sninger for sm\u00e5 og store bedrifter. Dette gj\u00f8r det mulig for bedrifter \u00e5 f\u00e5 hjelp, r\u00e5d og veiledning p\u00e5 alt &hellip;\" \/>\n<meta property=\"og:url\" content=\"https:\/\/vika.no\/?page_id=502\" \/>\n<meta property=\"og:site_name\" content=\"Vika AS\" \/>\n<meta property=\"article:modified_time\" content=\"2018-05-01T12:46:44+00:00\" \/>\n<meta name=\"twitter:card\" content=\"summary_large_image\" \/>\n<meta name=\"twitter:label1\" content=\"Ansl. lesetid\" \/>\n\t<meta name=\"twitter:data1\" content=\"1 minutt\" \/>\n<script type=\"application\/ld+json\" class=\"yoast-schema-graph\">{\"@context\":\"https:\/\/schema.org\",\"@graph\":[{\"@type\":\"WebPage\",\"@id\":\"https:\/\/vika.no\/?page_id=502\",\"url\":\"https:\/\/vika.no\/?page_id=502\",\"name\":\"Om Vika - Vika AS\",\"isPartOf\":{\"@id\":\"https:\/\/vika.no\/#website\"},\"datePublished\":\"2015-08-27T11:32:41+00:00\",\"dateModified\":\"2018-05-01T12:46:44+00:00\",\"breadcrumb\":{\"@id\":\"https:\/\/vika.no\/?page_id=502#breadcrumb\"},\"inLanguage\":\"nb-NO\",\"potentialAction\":[{\"@type\":\"ReadAction\",\"target\":[\"https:\/\/vika.no\/?page_id=502\"]}]},{\"@type\":\"BreadcrumbList\",\"@id\":\"https:\/\/vika.no\/?page_id=502#breadcrumb\",\"itemListElement\":[{\"@type\":\"ListItem\",\"position\":1,\"name\":\"Home\",\"item\":\"https:\/\/vika.no\/\"},{\"@type\":\"ListItem\",\"position\":2,\"name\":\"Om Vika\"}]},{\"@type\":\"WebSite\",\"@id\":\"https:\/\/vika.no\/#website\",\"url\":\"https:\/\/vika.no\/\",\"name\":\"Vika AS\",\"description\":\"Lokal leverand\u00f8r av globale IT-tjenester\",\"potentialAction\":[{\"@type\":\"SearchAction\",\"target\":{\"@type\":\"EntryPoint\",\"urlTemplate\":\"https:\/\/vika.no\/?s={search_term_string}\"},\"query-input\":\"required name=search_term_string\"}],\"inLanguage\":\"nb-NO\"}]}<\/script>\n<!-- \/ Yoast SEO plugin. -->","yoast_head_json":{"title":"Om Vika - Vika AS","robots":{"index":"index","follow":"follow","max-snippet":"max-snippet:-1","max-image-preview":"max-image-preview:large","max-video-preview":"max-video-preview:-1"},"canonical":"https:\/\/vika.no\/?page_id=502","og_locale":"nb_NO","og_type":"article","og_title":"Om Vika - Vika AS","og_description":"Om Vika - Hvorfor velge oss? Vika er totalleverand\u00f8r av IT-tjenester og maskinvare for bedriftsmarkedet. Vi har i l\u00f8pet av \u00e5rene siden oppstart i 1997 markert oss i markedet som en trygg leverand\u00f8r av skreddersydde l\u00f8sninger for sm\u00e5 og store bedrifter. Dette gj\u00f8r det mulig for bedrifter \u00e5 f\u00e5 hjelp, r\u00e5d og veiledning p\u00e5 alt &hellip;","og_url":"https:\/\/vika.no\/?page_id=502","og_site_name":"Vika AS","article_modified_time":"2018-05-01T12:46:44+00:00","twitter_card":"summary_large_image","twitter_misc":{"Ansl. lesetid":"1 minutt"},"schema":{"@context":"https:\/\/schema.org","@graph":[{"@type":"WebPage","@id":"https:\/\/vika.no\/?page_id=502","url":"https:\/\/vika.no\/?page_id=502","name":"Om Vika - Vika AS","isPartOf":{"@id":"https:\/\/vika.no\/#website"},"datePublished":"2015-08-27T11:32:41+00:00","dateModified":"2018-05-01T12:46:44+00:00","breadcrumb":{"@id":"https:\/\/vika.no\/?page_id=502#breadcrumb"},"inLanguage":"nb-NO","potentialAction":[{"@type":"ReadAction","target":["https:\/\/vika.no\/?page_id=502"]}]},{"@type":"BreadcrumbList","@id":"https:\/\/vika.no\/?page_id=502#breadcrumb","itemListElement":[{"@type":"ListItem","position":1,"name":"Home","item":"https:\/\/vika.no\/"},{"@type":"ListItem","position":2,"name":"Om Vika"}]},{"@type":"WebSite","@id":"https:\/\/vika.no\/#website","url":"https:\/\/vika.no\/","name":"Vika AS","description":"Lokal leverand\u00f8r av globale IT-tjenester","potentialAction":[{"@type":"SearchAction","target":{"@type":"EntryPoint","urlTemplate":"https:\/\/vika.no\/?s={search_term_string}"},"query-input":"required name=search_term_string"}],"inLanguage":"nb-NO"}]}},"_links":{"self":[{"href":"https:\/\/vika.no\/index.php?rest_route=\/wp\/v2\/pages\/502"}],"collection":[{"href":"https:\/\/vika.no\/index.php?rest_route=\/wp\/v2\/pages"}],"about":[{"href":"https:\/\/vika.no\/index.php?rest_route=\/wp\/v2\/types\/page"}],"author":[{"embeddable":true,"href":"https:\/\/vika.no\/index.php?rest_route=\/wp\/v2\/users\/1"}],"replies":[{"embeddable":true,"href":"https:\/\/vika.no\/index.php?rest_route=%2Fwp%2Fv2%2Fcomments&post=502"}],"version-history":[{"count":44,"href":"https:\/\/vika.no\/index.php?rest_route=\/wp\/v2\/pages\/502\/revisions"}],"predecessor-version":[{"id":2707,"href":"https:\/\/vika.no\/index.php?rest_route=\/wp\/v2\/pages\/502\/revisions\/2707"}],"wp:attachment":[{"href":"https:\/\/vika.no\/index.php?rest_route=%2Fwp%2Fv2%2Fmedia&parent=502"}],"curies":[{"name":"wp","href":"https:\/\/api.w.org\/{rel}","templated":true}]}}